{"id":763,"date":"2017-08-14T15:03:47","date_gmt":"2017-08-14T13:03:47","guid":{"rendered":"http:\/\/dev.fhochdrei.org\/?post_type=fhochdrei_events&#038;p=763\/"},"modified":"2017-09-26T12:40:41","modified_gmt":"2017-09-26T10:40:41","slug":"guided-tour-with-the-curator-2","status":"publish","type":"fhochdrei_events","link":"https:\/\/fhochdrei.org\/en\/event\/guided-tour-with-the-curator-2\/","title":{"rendered":"Guided tour with the curator"},"content":{"rendered":"<p>On Sunday, 5 November at 2 pm, we cordially invite you to a guided tour through our current exhibition <strong>T\u00fcrkiyeli \u2013 Contemporary Photography from Turkey<\/strong>. The curator <strong>Katharina Mouratidi<\/strong>, Artistic Director of the Society for Humanistic Photography (GfHF) and the freiraum f\u00fcr fotografie, will guide you through the exhibition.<\/p>\n<p>In addition to background information on the photographers and their series, she\u00a0will\u00a0present personal insights into the curation process and the structure of the exhibition.<\/p>\n<p>Cost: Entrance fee\u00a0+ 5 Euro.\u00a0Groups of 10 persons or more receive a reduction on the <a href=\"https:\/\/fhochdrei.org\/en\/visit\/\">entrance fee<\/a>.<\/p>\n<p>Photo: \u00a9 Holger Biermann<\/p>\n","protected":false},"excerpt":{"rendered":"<p>On Sunday, 5 November at 2 pm, we cordially invite you to a guided tour through our current exhibition T\u00fcrkiyeli \u2013 Contemporary Photography from Turkey. The curator Katharina Mouratidi, Artistic Director of the Society for Humanistic Photography (GfHF) and the freiraum f\u00fcr fotografie, will guide you through the exhibition. In addition to background information on [&hellip;]<\/p>\n","protected":false},"author":3,"featured_media":825,"menu_order":542,"template":"","format":"standard","meta":{"_acf_changed":false,"footnotes":""},"class_list":["post-763","fhochdrei_events","type-fhochdrei_events","status-publish","format-standard","has-post-thumbnail","hentry"],"acf":{"date_from":{"simple_value_formatted":"2017-11-05","value_formatted":"20171105","value":"20171105","field":{"ID":9530,"key":"field_66d8ab05d27d7","label":"Event Date","name":"date_from","aria-label":"","prefix":"acf","type":"date_picker","value":null,"menu_order":0,"instructions":"","required":0,"id":"","class":"","conditional_logic":0,"parent":9529,"wrapper":{"width":"25","class":"","id":""},"wpml_cf_preferences":1,"display_format":"d\/m\/Y","return_format":"Y-m-d","first_day":1,"allow_in_bindings":1,"_name":"date_from","_valid":1}},"date_to":{"simple_value_formatted":null,"value_formatted":null,"value":"","field":{"ID":9531,"key":"field_66d8abb6f5a93","label":"Event End","name":"date_to","aria-label":"","prefix":"acf","type":"date_picker","value":null,"menu_order":1,"instructions":"","required":0,"id":"","class":"","conditional_logic":0,"parent":9529,"wrapper":{"width":"25","class":"","id":""},"wpml_cf_preferences":1,"display_format":"d\/m\/Y","return_format":"Y-m-d","first_day":1,"allow_in_bindings":1,"_name":"date_to","_valid":1}},"time":{"simple_value_formatted":"14:00","value_formatted":"14:00:00","value":"14:00:00","field":{"ID":9532,"key":"field_66d8abe1f5a94","label":"Time","name":"time","aria-label":"","prefix":"acf","type":"time_picker","value":null,"menu_order":2,"instructions":"","required":0,"id":"","class":"","conditional_logic":0,"parent":9529,"wrapper":{"width":"50","class":"","id":""},"wpml_cf_preferences":1,"display_format":"H:i","return_format":"H:i","allow_in_bindings":1,"_name":"time","_valid":1}}},"mb":[],"yoast_head":"<!-- This site is optimized with the Yoast SEO plugin v24.9 - https:\/\/yoast.com\/wordpress\/plugins\/seo\/ -->\n<title>Guided tour with the curator | fhochdrei<\/title>\n<meta name=\"description\" content=\"Guided tour through the exhibition by the curator Katharina Mouratidi, Artistic Director of Society for Humanistic Photography (GfHF).\" \/>\n<meta name=\"robots\" content=\"index, follow, max-snippet:-1, max-image-preview:large, max-video-preview:-1\" \/>\n<link rel=\"canonical\" href=\"https:\/\/fhochdrei.org\/en\/event\/guided-tour-with-the-curator-2\/\" \/>\n<meta property=\"og:locale\" content=\"en_US\" \/>\n<meta property=\"og:type\" content=\"article\" \/>\n<meta property=\"og:title\" content=\"Guided tour with the curator | fhochdrei\" \/>\n<meta property=\"og:description\" content=\"Guided tour through the exhibition by the curator Katharina Mouratidi, Artistic Director of Society for Humanistic Photography (GfHF).\" \/>\n<meta property=\"og:url\" content=\"https:\/\/fhochdrei.org\/en\/event\/guided-tour-with-the-curator-2\/\" \/>\n<meta property=\"og:site_name\" content=\"fhochdrei\" \/>\n<meta property=\"article:publisher\" content=\"https:\/\/www.facebook.com\/fhochdrei\/\" \/>\n<meta property=\"article:modified_time\" content=\"2017-09-26T10:40:41+00:00\" \/>\n<meta property=\"og:image\" content=\"https:\/\/fhochdrei.org\/wp-content\/uploads\/2017\/08\/Tuerkiyeli_Opening_05_Biermann-2.jpg\" \/>\n\t<meta property=\"og:image:width\" content=\"1328\" \/>\n\t<meta property=\"og:image:height\" content=\"886\" \/>\n\t<meta property=\"og:image:type\" content=\"image\/jpeg\" \/>\n<meta name=\"twitter:card\" content=\"summary_large_image\" \/>\n<script type=\"application\/ld+json\" class=\"yoast-schema-graph\">{\"@context\":\"https:\/\/schema.org\",\"@graph\":[{\"@type\":\"WebPage\",\"@id\":\"https:\/\/fhochdrei.org\/en\/event\/guided-tour-with-the-curator-2\/\",\"url\":\"https:\/\/fhochdrei.org\/en\/event\/guided-tour-with-the-curator-2\/\",\"name\":\"Guided tour with the curator | fhochdrei\",\"isPartOf\":{\"@id\":\"https:\/\/fhochdrei.org\/en\/#website\"},\"primaryImageOfPage\":{\"@id\":\"https:\/\/fhochdrei.org\/en\/event\/guided-tour-with-the-curator-2\/#primaryimage\"},\"image\":{\"@id\":\"https:\/\/fhochdrei.org\/en\/event\/guided-tour-with-the-curator-2\/#primaryimage\"},\"thumbnailUrl\":\"https:\/\/fhochdrei.org\/wp-content\/uploads\/2017\/08\/Tuerkiyeli_Opening_05_Biermann-2.jpg\",\"datePublished\":\"2017-08-14T13:03:47+00:00\",\"dateModified\":\"2017-09-26T10:40:41+00:00\",\"description\":\"Guided tour through the exhibition by the curator Katharina Mouratidi, Artistic Director of Society for Humanistic Photography (GfHF).\",\"breadcrumb\":{\"@id\":\"https:\/\/fhochdrei.org\/en\/event\/guided-tour-with-the-curator-2\/#breadcrumb\"},\"inLanguage\":\"en-US\",\"potentialAction\":[{\"@type\":\"ReadAction\",\"target\":[\"https:\/\/fhochdrei.org\/en\/event\/guided-tour-with-the-curator-2\/\"]}]},{\"@type\":\"ImageObject\",\"inLanguage\":\"en-US\",\"@id\":\"https:\/\/fhochdrei.org\/en\/event\/guided-tour-with-the-curator-2\/#primaryimage\",\"url\":\"https:\/\/fhochdrei.org\/wp-content\/uploads\/2017\/08\/Tuerkiyeli_Opening_05_Biermann-2.jpg\",\"contentUrl\":\"https:\/\/fhochdrei.org\/wp-content\/uploads\/2017\/08\/Tuerkiyeli_Opening_05_Biermann-2.jpg\",\"width\":1328,\"height\":886,\"caption\":\"T\u00fcrkiyeli \u2013 Zeitgen\u00f6ssische Fotografie aus der T\u00fcrkei Er\u00f6ffnung am Dienstag, den 5. September 2017, um 19 Uhr Ausstellung: 6. September bis 12. November 2017 Di\u2013So 13\u201319 Uhr f\u00b3 - freiraum f\u00fcr fotografie\\u2028Waldemarstr. 17 | 10179 Berlin\\u2028www.fhochdrei.org\"},{\"@type\":\"BreadcrumbList\",\"@id\":\"https:\/\/fhochdrei.org\/en\/event\/guided-tour-with-the-curator-2\/#breadcrumb\",\"itemListElement\":[{\"@type\":\"ListItem\",\"position\":1,\"name\":\"Startseite\",\"item\":\"https:\/\/fhochdrei.org\/en\/\"},{\"@type\":\"ListItem\",\"position\":2,\"name\":\"Events\",\"item\":\"https:\/\/fhochdrei.org\/en\/event\/\"},{\"@type\":\"ListItem\",\"position\":3,\"name\":\"Guided tour with the curator\"}]},{\"@type\":\"WebSite\",\"@id\":\"https:\/\/fhochdrei.org\/en\/#website\",\"url\":\"https:\/\/fhochdrei.org\/en\/\",\"name\":\"fhochdrei\",\"description\":\"freiraum f\u00fcr fotografie\",\"publisher\":{\"@id\":\"https:\/\/fhochdrei.org\/en\/#organization\"},\"potentialAction\":[{\"@type\":\"SearchAction\",\"target\":{\"@type\":\"EntryPoint\",\"urlTemplate\":\"https:\/\/fhochdrei.org\/en\/?s={search_term_string}\"},\"query-input\":{\"@type\":\"PropertyValueSpecification\",\"valueRequired\":true,\"valueName\":\"search_term_string\"}}],\"inLanguage\":\"en-US\"},{\"@type\":\"Organization\",\"@id\":\"https:\/\/fhochdrei.org\/en\/#organization\",\"name\":\"fhochdrei\",\"url\":\"https:\/\/fhochdrei.org\/en\/\",\"logo\":{\"@type\":\"ImageObject\",\"inLanguage\":\"en-US\",\"@id\":\"https:\/\/fhochdrei.org\/en\/#\/schema\/logo\/image\/\",\"url\":\"https:\/\/fhochdrei.org\/wp-content\/uploads\/2017\/05\/logo.png\",\"contentUrl\":\"https:\/\/fhochdrei.org\/wp-content\/uploads\/2017\/05\/logo.png\",\"width\":1400,\"height\":798,\"caption\":\"fhochdrei\"},\"image\":{\"@id\":\"https:\/\/fhochdrei.org\/en\/#\/schema\/logo\/image\/\"},\"sameAs\":[\"https:\/\/www.facebook.com\/fhochdrei\/\"]}]}<\/script>\n<!-- \/ Yoast SEO plugin. -->","yoast_head_json":{"title":"Guided tour with the curator | fhochdrei","description":"Guided tour through the exhibition by the curator Katharina Mouratidi, Artistic Director of Society for Humanistic Photography (GfHF).","robots":{"index":"index","follow":"follow","max-snippet":"max-snippet:-1","max-image-preview":"max-image-preview:large","max-video-preview":"max-video-preview:-1"},"canonical":"https:\/\/fhochdrei.org\/en\/event\/guided-tour-with-the-curator-2\/","og_locale":"en_US","og_type":"article","og_title":"Guided tour with the curator | fhochdrei","og_description":"Guided tour through the exhibition by the curator Katharina Mouratidi, Artistic Director of Society for Humanistic Photography (GfHF).","og_url":"https:\/\/fhochdrei.org\/en\/event\/guided-tour-with-the-curator-2\/","og_site_name":"fhochdrei","article_publisher":"https:\/\/www.facebook.com\/fhochdrei\/","article_modified_time":"2017-09-26T10:40:41+00:00","og_image":[{"width":1328,"height":886,"url":"https:\/\/fhochdrei.org\/wp-content\/uploads\/2017\/08\/Tuerkiyeli_Opening_05_Biermann-2.jpg","type":"image\/jpeg"}],"twitter_card":"summary_large_image","schema":{"@context":"https:\/\/schema.org","@graph":[{"@type":"WebPage","@id":"https:\/\/fhochdrei.org\/en\/event\/guided-tour-with-the-curator-2\/","url":"https:\/\/fhochdrei.org\/en\/event\/guided-tour-with-the-curator-2\/","name":"Guided tour with the curator | fhochdrei","isPartOf":{"@id":"https:\/\/fhochdrei.org\/en\/#website"},"primaryImageOfPage":{"@id":"https:\/\/fhochdrei.org\/en\/event\/guided-tour-with-the-curator-2\/#primaryimage"},"image":{"@id":"https:\/\/fhochdrei.org\/en\/event\/guided-tour-with-the-curator-2\/#primaryimage"},"thumbnailUrl":"https:\/\/fhochdrei.org\/wp-content\/uploads\/2017\/08\/Tuerkiyeli_Opening_05_Biermann-2.jpg","datePublished":"2017-08-14T13:03:47+00:00","dateModified":"2017-09-26T10:40:41+00:00","description":"Guided tour through the exhibition by the curator Katharina Mouratidi, Artistic Director of Society for Humanistic Photography (GfHF).","breadcrumb":{"@id":"https:\/\/fhochdrei.org\/en\/event\/guided-tour-with-the-curator-2\/#breadcrumb"},"inLanguage":"en-US","potentialAction":[{"@type":"ReadAction","target":["https:\/\/fhochdrei.org\/en\/event\/guided-tour-with-the-curator-2\/"]}]},{"@type":"ImageObject","inLanguage":"en-US","@id":"https:\/\/fhochdrei.org\/en\/event\/guided-tour-with-the-curator-2\/#primaryimage","url":"https:\/\/fhochdrei.org\/wp-content\/uploads\/2017\/08\/Tuerkiyeli_Opening_05_Biermann-2.jpg","contentUrl":"https:\/\/fhochdrei.org\/wp-content\/uploads\/2017\/08\/Tuerkiyeli_Opening_05_Biermann-2.jpg","width":1328,"height":886,"caption":"T\u00fcrkiyeli \u2013 Zeitgen\u00f6ssische Fotografie aus der T\u00fcrkei Er\u00f6ffnung am Dienstag, den 5. September 2017, um 19 Uhr Ausstellung: 6. September bis 12. November 2017 Di\u2013So 13\u201319 Uhr f\u00b3 - freiraum f\u00fcr fotografie\u2028Waldemarstr. 17 | 10179 Berlin\u2028www.fhochdrei.org"},{"@type":"BreadcrumbList","@id":"https:\/\/fhochdrei.org\/en\/event\/guided-tour-with-the-curator-2\/#breadcrumb","itemListElement":[{"@type":"ListItem","position":1,"name":"Startseite","item":"https:\/\/fhochdrei.org\/en\/"},{"@type":"ListItem","position":2,"name":"Events","item":"https:\/\/fhochdrei.org\/en\/event\/"},{"@type":"ListItem","position":3,"name":"Guided tour with the curator"}]},{"@type":"WebSite","@id":"https:\/\/fhochdrei.org\/en\/#website","url":"https:\/\/fhochdrei.org\/en\/","name":"fhochdrei","description":"freiraum f\u00fcr fotografie","publisher":{"@id":"https:\/\/fhochdrei.org\/en\/#organization"},"potentialAction":[{"@type":"SearchAction","target":{"@type":"EntryPoint","urlTemplate":"https:\/\/fhochdrei.org\/en\/?s={search_term_string}"},"query-input":{"@type":"PropertyValueSpecification","valueRequired":true,"valueName":"search_term_string"}}],"inLanguage":"en-US"},{"@type":"Organization","@id":"https:\/\/fhochdrei.org\/en\/#organization","name":"fhochdrei","url":"https:\/\/fhochdrei.org\/en\/","logo":{"@type":"ImageObject","inLanguage":"en-US","@id":"https:\/\/fhochdrei.org\/en\/#\/schema\/logo\/image\/","url":"https:\/\/fhochdrei.org\/wp-content\/uploads\/2017\/05\/logo.png","contentUrl":"https:\/\/fhochdrei.org\/wp-content\/uploads\/2017\/05\/logo.png","width":1400,"height":798,"caption":"fhochdrei"},"image":{"@id":"https:\/\/fhochdrei.org\/en\/#\/schema\/logo\/image\/"},"sameAs":["https:\/\/www.facebook.com\/fhochdrei\/"]}]}},"mfb_rest_fields":["title","yoast_head","yoast_head_json"],"_links":{"self":[{"href":"https:\/\/fhochdrei.org\/en\/wp-json\/wp\/v2\/fhochdrei_events\/763","targetHints":{"allow":["GET"]}}],"collection":[{"href":"https:\/\/fhochdrei.org\/en\/wp-json\/wp\/v2\/fhochdrei_events"}],"about":[{"href":"https:\/\/fhochdrei.org\/en\/wp-json\/wp\/v2\/types\/fhochdrei_events"}],"author":[{"embeddable":true,"href":"https:\/\/fhochdrei.org\/en\/wp-json\/wp\/v2\/users\/3"}],"version-history":[{"count":0,"href":"https:\/\/fhochdrei.org\/en\/wp-json\/wp\/v2\/fhochdrei_events\/763\/revisions"}],"wp:featuredmedia":[{"embeddable":true,"href":"https:\/\/fhochdrei.org\/en\/wp-json\/wp\/v2\/media\/825"}],"wp:attachment":[{"href":"https:\/\/fhochdrei.org\/en\/wp-json\/wp\/v2\/media?parent=763"}],"curies":[{"name":"wp","href":"https:\/\/api.w.org\/{rel}","templated":true}]}}

<p>On Sunday, 5 November at 2 pm, we cordially invite you to a guided tour through our current exhibition <strong>Türkiyeli – Contemporary Photography from Turkey</strong>. The curator <strong>Katharina Mouratidi</strong>, Artistic Director of the Society for Humanistic Photography (GfHF) and the freiraum für fotografie, will guide you through the exhibition.</p>
<p>In addition to background information on the photographers and their series, she will present personal insights into the curation process and the structure of the exhibition.</p>
<p>Cost: Entrance fee + 5 Euro. Groups of 10 persons or more receive a reduction on the <a href="https://fhochdrei.org/en/visit/">entrance fee</a>.</p>
<p>Photo: © Holger Biermann</p>

<p>On Sunday, 5 November at 2 pm, we cordially invite you to a guided tour through our current exhibition Türkiyeli – Contemporary Photography from Turkey. The curator Katharina Mouratidi, Artistic Director of the Society for Humanistic Photography (GfHF) and the freiraum für fotografie, will guide you through the exhibition. In addition to background information on [&hellip;]</p>

<!-- This site is optimized with the Yoast SEO plugin v24.9 - https://yoast.com/wordpress/plugins/seo/ -->
<title>Guided tour with the curator | fhochdrei</title>
<meta name="description" content="Guided tour through the exhibition by the curator Katharina Mouratidi, Artistic Director of Society for Humanistic Photography (GfHF)." />
<meta name="robots" content="index, follow, max-snippet:-1, max-image-preview:large, max-video-preview:-1" />
<link rel="canonical" href="https://fhochdrei.org/en/event/guided-tour-with-the-curator-2/" />
<meta property="og:locale" content="en_US" />
<meta property="og:type" content="article" />
<meta property="og:title" content="Guided tour with the curator | fhochdrei" />
<meta property="og:description" content="Guided tour through the exhibition by the curator Katharina Mouratidi, Artistic Director of Society for Humanistic Photography (GfHF)." />
<meta property="og:url" content="https://fhochdrei.org/en/event/guided-tour-with-the-curator-2/" />
<meta property="og:site_name" content="fhochdrei" />
<meta property="article:publisher" content="https://www.facebook.com/fhochdrei/" />
<meta property="article:modified_time" content="2017-09-26T10:40:41+00:00" />
<meta property="og:image" content="https://fhochdrei.org/wp-content/uploads/2017/08/Tuerkiyeli_Opening_05_Biermann-2.jpg" />
	<meta property="og:image:width" content="1328" />
	<meta property="og:image:height" content="886" />
	<meta property="og:image:type" content="image/jpeg" />
<meta name="twitter:card" content="summary_large_image" />
<script type="application/ld+json" class="yoast-schema-graph">{"@context":"https://schema.org","@graph":[{"@type":"WebPage","@id":"https://fhochdrei.org/en/event/guided-tour-with-the-curator-2/","url":"https://fhochdrei.org/en/event/guided-tour-with-the-curator-2/","name":"Guided tour with the curator | fhochdrei","isPartOf":{"@id":"https://fhochdrei.org/en/#website"},"primaryImageOfPage":{"@id":"https://fhochdrei.org/en/event/guided-tour-with-the-curator-2/#primaryimage"},"image":{"@id":"https://fhochdrei.org/en/event/guided-tour-with-the-curator-2/#primaryimage"},"thumbnailUrl":"https://fhochdrei.org/wp-content/uploads/2017/08/Tuerkiyeli_Opening_05_Biermann-2.jpg","datePublished":"2017-08-14T13:03:47+00:00","dateModified":"2017-09-26T10:40:41+00:00","description":"Guided tour through the exhibition by the curator Katharina Mouratidi, Artistic Director of Society for Humanistic Photography (GfHF).","breadcrumb":{"@id":"https://fhochdrei.org/en/event/guided-tour-with-the-curator-2/#breadcrumb"},"inLanguage":"en-US","potentialAction":[{"@type":"ReadAction","target":["https://fhochdrei.org/en/event/guided-tour-with-the-curator-2/"]}]},{"@type":"ImageObject","inLanguage":"en-US","@id":"https://fhochdrei.org/en/event/guided-tour-with-the-curator-2/#primaryimage","url":"https://fhochdrei.org/wp-content/uploads/2017/08/Tuerkiyeli_Opening_05_Biermann-2.jpg","contentUrl":"https://fhochdrei.org/wp-content/uploads/2017/08/Tuerkiyeli_Opening_05_Biermann-2.jpg","width":1328,"height":886,"caption":"Türkiyeli – Zeitgenössische Fotografie aus der Türkei Eröffnung am Dienstag, den 5. September 2017, um 19 Uhr Ausstellung: 6. September bis 12. November 2017 Di–So 13–19 Uhr f³ - freiraum für fotografie\u2028Waldemarstr. 17 | 10179 Berlin\u2028www.fhochdrei.org"},{"@type":"BreadcrumbList","@id":"https://fhochdrei.org/en/event/guided-tour-with-the-curator-2/#breadcrumb","itemListElement":[{"@type":"ListItem","position":1,"name":"Startseite","item":"https://fhochdrei.org/en/"},{"@type":"ListItem","position":2,"name":"Events","item":"https://fhochdrei.org/en/event/"},{"@type":"ListItem","position":3,"name":"Guided tour with the curator"}]},{"@type":"WebSite","@id":"https://fhochdrei.org/en/#website","url":"https://fhochdrei.org/en/","name":"fhochdrei","description":"freiraum für fotografie","publisher":{"@id":"https://fhochdrei.org/en/#organization"},"potentialAction":[{"@type":"SearchAction","target":{"@type":"EntryPoint","urlTemplate":"https://fhochdrei.org/en/?s={search_term_string}"},"query-input":{"@type":"PropertyValueSpecification","valueRequired":true,"valueName":"search_term_string"}}],"inLanguage":"en-US"},{"@type":"Organization","@id":"https://fhochdrei.org/en/#organization","name":"fhochdrei","url":"https://fhochdrei.org/en/","logo":{"@type":"ImageObject","inLanguage":"en-US","@id":"https://fhochdrei.org/en/#/schema/logo/image/","url":"https://fhochdrei.org/wp-content/uploads/2017/05/logo.png","contentUrl":"https://fhochdrei.org/wp-content/uploads/2017/05/logo.png","width":1400,"height":798,"caption":"fhochdrei"},"image":{"@id":"https://fhochdrei.org/en/#/schema/logo/image/"},"sameAs":["https://www.facebook.com/fhochdrei/"]}]}</script>
<!-- / Yoast SEO plugin. -->

Türkiyeli – Zeitgenössische Fotografie aus der Türkei Eröffnung am Dienstag, den 5. September 2017, um 19 Uhr Ausstellung: 6. September bis 12. November 2017 Di–So 13–19 Uhr f³ - freiraum für fotografie Waldemarstr. 17 | 10179 Berlin www.fhochdrei.org

freiraum für fotografie
